- (18 + (15 - 21))?
-22
11 - -2 - (-29 - (7 + -44))
5
47 - 74 - ((0 - -7) + 1 - 8)
-27
Calculate -3 + (-6 + 2 - -5) + -4.
-6
-82 - (-35 + -33) - (-33 - 0)
19
Evaluate -2 + (-1 + 5 + 4 - 13) + 25.
18
Calculate -4 + -14 + -3 - (32 + -35 + -3).
-15
(1 - -13) + -40 + (-42 - -95)
27
What is the value of -16 + (16 - 19) + 3?
-16
Evaluate -94 + 110 - (4 - 4).
16
Calculate 29 + -59 - -3 - -10.
-17
Calculate (11 + -12 - 21) + (-1 - -4) + 3.
-16
What is -39 + (32 - 15) + 9?
-13
9 - 8 - (29 - 28)
0
Calculate (5 - 1 - -5) + (1 - 5) + 6.
11
Evaluate -24 - (-8 + -10 + 8).
-14
What is the value of 221 + -214 + 1 + 2?
10
Calculate (-27 - -23) + 7 + 1.
4
-9 - (-3 + 6) - (-2 - 6)
-4
What is 16 + 9 + -7 - 18?
0
What is the value of (15 + -7 - (-1 - -6)) + (20 - 1)?
22
-3 - (4 + (7 + -6 + -4 - 1))
-3
What is the value of 1 + -7 - (-2 + 13 + -21) - -2?
6
Calculate 11 - (13 - -10) - -8.
-4
What is -1 - (0 + -2) - (-1526 - -1485)?
42
What is 39 - 1 - (404 + -385)?
19
(-4 - -6 - 9) + -4 - (7 - 4)
-14
What is 11 + 5 + (6 - 7) + -7?
8
Evaluate -1 + 8 + -12 + 2 + 23 + -4.
16
Evaluate -21 + 1 - (-86 - -84 - (2 + -7)).
-23
Calculate -5 - (-2 + 0) - -11 - (-6 + 6).
8
What is the value of 1 + -6 + (6 - -8) + 1 - 9?
1
What is the value of (-73 + 38 - -15) + 35?
15
What is -3 - 1 - (2 + 9 + -18 - -6)?
-3
-19 + 27 + -4 - (1 - 2 - -1)
4
What is -7 + (-18 - -19 - 3)?
-9
Calculate -10 + 13 + 2 - 12.
-7
What is 6 - (-5 + -16 + 13)?
14
What is the value of 39 + -52 - (5 + 8 - 7)?
-19
-17 + 11 - (-14 + 4 + -2) - -7
13
What is the value of 8 - -3 - -5 - (8 - (0 + 0))?
8
Calculate -26 + 13 - (-7 + -1) - -2.
-3
(1 - -7) + (-1 - 8 - (75 + -82))
6
What is 10 + -42 + (25 - 26) - (-1 - 5)?
-27
Evaluate -1 + -11 + 7 + -1.
-6
-2 - 4 - (19 + -1 - 26)
2
Evaluate -4 + (4 + -1 - -15) + -7.
7
Calculate (-1 - -30) + -6 + -10 - -4.
17
What is (6 - -2) + -17 + 15 + -22?
-16
12 - (8 + -8 + (-10 - -16))
6
Evaluate 7 - -2 - 0 - 7.
2
Calculate (26 - (-5 + 5)) + (-8 + 1 - -1).
20
Calculate (-155 - -127) + (-3 - -8).
-23
What is the value of 7 - (10 - 2 - ((11 - -4) + -14))?
0
What is 5 + 1 + (-11 + -4 - -27) - 6?
12
What is (25 - -19) + -20 + -3?
21
-119 - -116 - (3 + (1 + 1 - 29))
21
-2 + 13 + -13 + 1
-1
What is the value of (-7 - 12 - 3) + 26?
4
Calculate -374 + 389 + -21 + 0.
-6
Calculate (-1 - 0) + (9 + -12 - 3) + 2.
-5
Calculate -3 - (-32 - -25) - (1 + (1 - -6)).
-4
Calculate 0 + 16 + 15 + -21.
10
39 + -2 + -13 + -11
13
What is (0 - 19) + 23 - (-1 - -20)?
-15
2 + -2 + 6 + -4 + (119 - 90)
31
What is the value of 5 + 2 + (19 - 21)?
5
Evaluate (-13 - (10 + -21) - (1 + -6)) + 6.
9
Calculate -26 + 20 + 13 - 22.
-15
What is the value of (-22 - 2 - (-65 + 66)) + 10?
-15
Calculate -43 + 40 + (1 + -2 + 25 - 3).
18
What is 10 - (14 + 11 + -3)?
-12
What is the value of (-11 - 11) + 35 + -9?
4
What is -114 - -74 - (-12 + 0)?
-28
Evaluate (-1 - -3) + 1 - (-15 - -2).
16
Evaluate -186 - -166 - (-2 - 34).
16
What is 18 - 0 - (11 + -2 - 12 - -2)?
19
6 + (-3 + -1 - (26 - 22))
-2
-22 + 6 + (2 - (7 - 1))
-20
Calculate (10 - (29 - 8)) + -2 + 5.
-8
(9 + 34 - 39) + 17 + -3
18
What is -9 + 34 - (20 - -6)?
-1
Evaluate 282 + -260 + -17 + -1.
4
Calculate -13 - (-6 - (-2 + 4 + -1)).
-6
What is the value of -4 - (-14 - (-56 + 36))?
-10
(-5 - (17 + -8)) + -7 + -7 + 8
-20
What is the value of 0 - -2 - (-5 + 6 + 0 - 4)?
5
What is 24 + (1 - (16 - -6))?
3
Evaluate -31 + 45 + (26 - 29).
11
What is the value of (4 - 12 - ((-13 - -10) + 10)) + 4?
-11
Calculate (1 - -2) + -1 - (-2 - (52 + -31)).
25
What is the value of (3 - ((-1 - -7) + 15)) + 12?
-6
-7 + 0 + (-150 - -148)
-9
What is (-13 - (-8 + -11)) + 0?
6
What is -16 - ((3 - 12) + 6)?
-13
What is -27 - (3 - (35 - 8))?
-3
Calculate -46 + -3 + -6 + 26.
-29
What is 5 + -4 + 5 + -8 + 7?
5
Calculate -25 + 1 + 1 + (5 - (4 + -7)).
-15
What is -37 + 24 + -3 + 8?
-8
What is 10 - (11 - 5 - (-1 - -7))?
10
Calculate 27 + 46 + -79 + 33.
27
Evaluate (-10 - (-4 + 3)) + (-453 - -453).
-9
Calculate (-12 - (1 + -13) - (6 - 1)) + 0.
-5
Evaluate 4 - (-2 - (14 + -18)) - (0 + -7).
9
Calculate (15 + -9 - (-1 + -11 + 26)) + 12.
4
What is (5 - (17 - (6 + 10 + -7))) + 3?
0
35 + (-36 - (-40 + 45))
-6
What is the value of 9 + (-4 - -5) + -7 + -1?
2
What is -11 + (-18 - -28) - -3?
2
Evaluate 7 + (4 + -5 - -11 - 9).
8
Calculate 0 + (1 - (2 - (-1 - 6))).
-8
Evaluate -17 + (6 - -10) + -9 + -1 + -11.
-22
What is (8 - (0 + 2)) + (-144 - -138)?
0
Evaluate (-1 - (5 + -2 + 4)) + (3 - 11).
-16
2 + -1 + 8 + (-7 - 2)
0
What is the value of 11 + (-4 - -4) - (14 + -7)?
4
(-12 - (-16 + 19)) + 0
-15
1 + 1 + -5 + -13 + (46 - 41)
-11
Evaluate 8 - (-30 + 59 + (0 - 16)).
-5
Evaluate -5 + 14 + (-3 - (9 - (-6 + 21))).
12
Evaluate 15 + 1 + 4 + -8 - 5.
7
Evaluate (-3 - -1) + -1 + 2 - (110 + -117).
6
What is the value of -7 - (4 + (3 - (1 + -14)))?
-27
Evaluate -13 + 42 + (-26 - (-3 + -10)).
16
-17 + 18 + -45 + 47
3
What is the value of 60 + -77 - (3 - (13 - (0 - -3)))?
-10
What is the value of 14 + -3 + -5 + -12 + 16 + 15?
25
(-3 - ((-7 - -19) + 3)) + 15
-3
Calculate (-11 - 15) + -6 + 5 + -3 + 3.
-27
Evaluate (-15 - -15) + (-28 - -38).
10
What is 6 + (-13 - 4 - (-19 + 11 + 0))?
-3
Calculate -4 - 1 - (165 + -180).
10
-14 + 35 + (-10 - 3)
8
What is the value of 6 + (-3 - 2) - (25 + -19)?
-5
Calculate -2 + -5 + -78 + 96.
11
Calculate -43 - (-51 + 22 - 3).
-11
What is the value of 1744 + -1740 - (-1 - 1)?
6
Evaluate -2 + (1 + -3 - (17 + -16)).
-5
Evaluate 1 + 1 + (4 + 5 - (18 + 1)).
-8
-5 - -19 - 0 - -5
19
What is the value of 0 + -47 - (-373 + 309)?
17
What is the value of 2 + (-15 - (-5 - 6)) + -27?
-29
What is the value of (-7 - (7 - (1 - (-8 - 6)))) + -20?
-19
What is the value of -26 + 34 - -6 - 9?
5
What is the value of (101 - 99) + (-4 + 0 - 15) + -2?
-19
Calculate -6 + 10 + 0 + (-15 - -10 - -4).
3
What is -3 + (-5 - -24) + -12 - -21?
25
What is the value of 3 - ((-7 - -16) + -16 - -27)?
-17
What is (-4 - 24) + -2 + (-5 - (3 + -20))?
-18
What is (585 - 579) + (0 - 13)?
-7
What is (2 - -1) + (-18 - -38 - 21) - -16?
18
422 + -411 + -1 + -28 + 0
-18
What is -9 - -8 - (20 + -39)?
18
What is -2 - -13 - (25 + -6) - (-1 + 9)?
-16
Calculate (40 - 12) + -22 + 5 + 8.
19
What is the value of (4 - (-6 + (5 - -1) + -5)) + 0?
9
What is the value of -1 - -3 - ((7 - (0 + 5)) + -6)?
6
Calculate -829 + 826 - (-2 + -5).
4
Evaluate 4 + (-1 + (-3 - 0) - (24 + -22)).
-2
What is -1 - ((-97 - -90) + (-1 - 5))?
12
(6 - -32) + -3 + -69
-34
What is (-4 - (0 - -9)) + -9?
-22
Calculate 72 + -69 - (3 + 9 - (-1 + 1)).
-9
Evaluate -9 + (4 + -5 - -1) + -2.
-11
Calculate 2 - -1 - (7 + (-15 + 27 - 13)).
-3
Calculate 741 + -732 - (1 + 20).
-12
Evaluate (-6 - (10 - 24) - (0 - 8)) + -2.
14
What is -86 + 86 + 6 + 2?
8
(0 - -3) + -37 - (-25 + -19 + 38)
-28
Calculate (-20 - -30) + -10 - (-18 + -1).
19
Evaluate -7 + 8 + 1 + -4 - -18 - 5.
11
What is (9 - 2) + 18 + (3 - 21)?
7
Evaluate -7 - (-18 - -5) - -6.
12
-6 + (12 - (-11 - -19))
-2
-5 - ((-1 - -5) + (-6 - 9) - -12)
-6
Calculate 10 + (-8 - -12 - 13).
1
1 - (-22 - (-29 + -2))
-8
What is (4 - 2 - 24) + (75 - 60)?
-7
What is the value of (-9 + 16 - 11) + (13 - (-5 + 1))?
13
Calculate 9 - 1 - (4 - (11 + -14)).
1
What is the value of -6 - (5 + -1 - 5 - 4)?
-1
What is 10 + -2 + (-20 - 10) + -1 + 11?
-12
Evaluate 3 + (-1 + 1 - 11) + 22 + -4.
10
What is the value of (24 - 0) + -11 + 3?
16
0 - (-10 + (-12 - -13) - 5)
14
2 - -11 - (-426 + 430)
9
What is (12 - 5 - 0 - 9) + 11?
9
What is the value of -4 + (-11 - (3 + 1 + -1)) - -8?
-10
What is the value of -1 + -12 + 12 - -7 - (-8 + -1)?
15
What is 17 + -4 - (63 - 38)?
-12
Calculate -4 + 14 + (2 + -6 - 0).
6
What is (1 - 20 - -16) + -6 + (2 - 4)?
-11
What is the value of 23 + (0 - -3 - 14)?
12
19 + -21 + -1 - -6
3
Evaluate -3 - ((-92 - -55) + 4 + -7 + 12).
25
Calculate (-33 + 51 - 5) + 0.
13
Evaluate 12 - 18 - -5 - (3 + -1 + -24).
21
Evaluate 2 - (-83 - -73 - (3 + -14 - 3)).
-2
Evaluate -7 + (13 + -6 - 6) + -8.
-14
(20 - -1) + (10 - (17 - (16 - 18)))
12
What is -1 - 4 - ((11 - 11) + 7 + -15)?
3
10 - 36 - (-151 - -142)
-17
What is the value of (-7 - -22) + -4 + (1 - -6)?
18
What is the value of -5 + 0 + -3 + (-72 - -81)?
1
(-12 - (-21 + (-18 - -14))) + 0
13
Evaluate 3 - -22 - 59 - -10.
-24
Calculate -8 + -14 - ((-9 - 1) + 10).
-22
Evaluate 0 - (0 - -3) - -7 - (-69 - -69).
4
Cal